-60 + 38 + (-1 - 13) + 48?
45
What is the value of -10 + -2 + -2 - (1171 - 1146)?
-39
Calculate -19 - (-4830 + 4817 - (1 - 0 - -35)).
30
What is the value of -42 + (14 - -7) + 18?
-3
Calculate -54 - (-6 + -24 + 22 + (-2 - 3)).
-41
(0 - (20 - 19) - (2 - -118)) + -3
-124
What is the value of -1535 + 1568 + -111 + 0 - -14?
-64
What is the value of 5 - (-69 + 32 + -4) - -24?
70
What is the value of -30 - (-122 + 28 + 57)?
7
Evaluate 95 - (1 - 3 - -5 - (54 - 58)).
88
Evaluate -45 + 31 + -31 - -60.
15
What is 155 + -75 - (6 + -9 + (3 - 0))?
80
73 - (5 + 18 + -20 + -5 - 9)
84
What is the value of -3 + 1 - 17 - (-1228 - -1239)?
-30
Calculate 2 + -18 - (-86 - (-44 + (-18 - -38))).
46
What is 42 + (-151 - -208 - 38)?
61
What is the value of 0 - 0 - (-38 + (-3 - 18) - -10)?
49
What is 124 + (46 - 112) + 66?
124
Evaluate (3 - (58 - 31)) + 8 + -10.
-26
31 - (-23 - -27) - -28
55
Evaluate 91 + (-53 - 96) + 24.
-34
1 - 71 - (-2566 - -2540) - -45
1
(30306 - 30461) + (24 + -1 - -1)
-131
What is the value of -72 + -1 - (-13950 - -13966)?
-89
53 + (9 - (-16 - (-7 - 18)))
53
Calculate -66 + 8 + (14 - 21) + 26.
-39
Evaluate -46 + (64 - 1) - 18.
-1
Calculate (-84 - -58) + 62 - ((1 - -1) + 1).
33
What is -23 + 12 + -12 + (67 - 6)?
38
Evaluate -30 + (-42 - ((-30 - 5) + 15)).
-52
-1144 + 1178 + (-60 - 1) + 9
-18
Calculate (0 - -53) + 1444 + -1473.
24
What is 8 + (-19 - -13) + -5 + 13?
10
Calculate 37 + (-16 + (16 - 2) - 0) + (-1 - -2).
36
-132 + 244 + -79 + 5 + 1
39
What is (44 - (31 + 4) - (11 - 0)) + (-70 - 1)?
-73
What is -19 - (-18 + 8) - (17 + 2) - 5?
-33
-31 - (-72 - (8 + -37)) - (-19 + 2)
29
272 - 268 - (1 - -1) - 42
-40
What is ((-1 - -2) + -9 + 5 - (22 + -15)) + 17?
7
What is (-1 - -22) + (-1 - (68 - 63))?
15
(-11 - 1) + -73 + -26 + 61
-50
Evaluate (-32 + 52 - 30) + 22 - -67.
79
5 + (-6 - -17) + -3 + (-163 - -141)
-9
What is the value of 7 + -52 + -1 + (9 - 9) + -19?
-65
2 + 12 + (8 - 33 - -30) - -12
31
Calculate (-32 - -64) + -48 + -56.
-72
Calculate 5 - 26 - (436 + -430).
-27
What is the value of -1 - 13 - (34 - (-49 - -85))?
-12
Calculate 20 + -1 + -13 + 30.
36
1 + 24 + (2594 - 2617) - 27
-25
Calculate 5 - ((4 - (-3 - -2)) + (14 - 8)).
-6
Evaluate -2 + -19 - (-598 - -582).
-5
What is the value of -4 + -5 + 15 + (0 - 3) + 8 + 3?
14
Calculate (9 - 9) + -10 - (-3 + -9 - -4) - 37.
-39
What is (5 + 0 - -1) + 3 + -20 + 51?
40
Evaluate 44 + -41 + ((5 - (-5 - 2)) + -8 - 26).
-19
6 + 2 + 0 - (11 + 20 + -12 + -37)
26
Calculate (15 + -16 - -24) + -7 + 10 + -13.
13
What is (0 + 8 - -54 - (6 - 3 - 14)) + -8?
65
Calculate -74 - (5 - (-13 + 7 + 19)) - (-15 + 8).
-59
What is the value of -87 + -2 + -64 + 111?
-42
-20 + (-9 - (-261 + 237 + (2 - -6 - -3)))
-16
Calculate (-1 - -9) + (-47 - 1) + -45 + (17 - -19).
-49
What is -2 + -61 + 1 - (-29 - (7 + 1) - -34)?
-59
What is the value of -5 + 4 + (-10 - -7 - -3 - -3 - 37)?
-35
-38 - (39 + -131 - -20)
34
What is 16 + -35 + -2 + -28 - (-6 - 0 - -22)?
-65
(-18 + (-6 - (8 + -7)) - -4) + 7
-14
Evaluate 51 + -8 - (-3 + (-2 - 6 - (-28 - -29))).
55
Calculate (-15 - 32 - -47) + -6.
-6
14 + -11 - 31 - (-76 + 7)
41
What is 134 + -111 + -5 + -1 - (2 + 10)?
5
17 - 37 - (-40 + 3) - (-8 - (-3 + 1))
23
What is the value of (9 - (-92 - -88)) + -2 + 72?
83
Calculate -65 - (36 - 79) - (-11 + 5) - -4.
-12
(-1 - (21 - 2)) + (84 + -41 - (25 + 15))
-17
-9 - (-20 - (-8 + 0) - (-17 - -13)) - -45
44
Evaluate 6 - 0 - ((-8 - -69) + -6 + -9 + 10).
-50
What is 40 + 29 + -2 - 26?
41
What is -45 + (-24 - -78) - 38?
-29
Calculate 14 - 82 - (-54 + 22) - -47.
11
What is the value of -14 + (1 - -1) - (-2876 + 2831)?
33
Evaluate -1 + 53 - (961 - 917).
8
30 - (-26 - -75 - 66)
47
Calculate (-306 - -111) + 201 + (-1 - (-1 - -10)).
-4
32 + -141 - (-63 - 39)
-7
What is the value of 12 - 1 - (-61 - (-33 - 22)) - 107?
-90
Calculate -23 + 21 + 8 + -2 + (0 - 3) + -66.
-65
Evaluate 7 - (-56 - -27) - 28.
8
Calculate -58 + (4 + -5 + 3 - (74 - 85)).
-45
Evaluate 25 + (-65 - -61) - 41.
-20
-15 + 1 - (32 - -23 - 110)
41
136 - (5 + -6 + 11 - (-95 - -103))
134
Calculate 12 + 5 + -19 + (-1 - 42) - 0.
-45
-29 + (32 - 24 - -9 - -1) + (-2 - -131)
118
What is the value of -32 + -1 - (-85 + 87 + -13)?
-22
(-14 - -4) + 0 + 5 + 5 + -18
-18
Evaluate (372 - 362) + (-37 - (-3 - -6)).
-30
Calculate -102755 + 102832 + (0 + 0 - -13 - -1).
91
(-9 - 4) + 0 - (4 + -8 + (7 - -1))
-17
What is -1 + 13 + 44 - (266 + -219)?
9
Evaluate 3 + (-1 + 25 + 5 - 109).
-77
Evaluate (-42 - -41) + (-8 - (-1 - (-12 + 7))) + 87.
74
Evaluate -19 - (-47 + (-21 - 3)).
52
122 + 75 + (-151 - -60)
106
Evaluate 36 - (24 + -1 + -16) - (15 - -1).
13
Calculate -15 - ((-16 + 4 - 4) + 239 + -226).
-12
Evaluate -14 + (-42 - -18) + 63 - -34.
59
1 - (-2 + (3 - 10) + 8) - (-8 + 75)
-65
Calculate 11 + 6 + 13 + 40 + -57.
13
What is the value of -56 + 159 + -111 - (0 - -13)?
-21
-99 - ((2 - (9 + 3 + -6)) + 97 + -100)
-92
What is (-1 - (-1 - 0)) + 163 + (25 - 129)?
59
What is (4 + -10 + -5 - (62 - 44)) + -7?
-36
What is the value of 31 - ((-33 - -17) + 47 + 7)?
-7
What is the value of 10 + 1 - (13 - (27 + -19 + 4)) - 42?
-32
What is the value of (-80 - -124) + -10 + -116?
-82
What is (5 - 8) + (14 - 9) + -17?
-15
What is the value of -2 + 3 + 24 - (509 - 516)?
32
-114 - (-20 + -8) - -57
-29
What is the value of -12 + -1 + (-87 - -133)?
33
67 + -6 + 8 - 18 - 1
50
(-30 - (-53 - -78)) + (14 - -2) + -7
-46
What is 22 - -10 - ((14 - 30) + 7 + (-4 - -17))?
28
Evaluate 63 + -66 - ((-6 - (-3 + -3 - 5)) + -4).
-4
What is the value of (1 - (-2 + 3)) + (-58 - (122 + -112))?
-68
Calculate (92 + -85 - (-17 + -1)) + -6.
19
Calculate (8 - (-2 - -8)) + 7 + 32.
41
What is the value of -15 - ((-6 + 0 - 8) + 10)?
-11
What is the value of 0 + 32 + 124 + (-115 - -20)?
61
What is 1239 - 1235 - (1 + (2 - 1) + -1 - -72)?
-69
Evaluate -11 + 1 + (11 - 22 - (11 - 3 - 44)).
15
What is (-133 - (-63 - 65)) + -144?
-149
What is -178 + 126 + -75 + 90?
-37
-94 + 0 + (1 - (-25 - -6 - -24)) + -2
-100
What is the value of 78 + (-12 - (30 + (49 - 50)))?
37
Calculate -6 + ((-3 - 1) + -7 - -14) - -97.
94
Calculate 3 + 16 + (-16 - (-16 - -14)) + 17.
22
Calculate (11 - 2) + -37 + -80 + (-36 - -51).
-93
Calculate 14 - (-36 + -30 + 39) - (-12 + -1).
54
Evaluate -1 - -2 - -3 - (-46 + 24 - (-43 + 26)).
9
What is the value of (-1 - (-15 - 1)) + (92 - 35) + -55?
17
Calculate (-19 - 45) + 80 + -13.
3
961 + -881 - (4 - -91)
-15
What is the value of -77 + 223 + -75 + -79?
-8
What is -35 + 0 - (-29 + (-36 + 5 - (-99 + 49)))?
-25
Calculate 34 - (26 + -5 - -20) - -59.
52
38 + -10 + 414 + -415
27
Evaluate 15 + -1 - -1 - (26 + 0 + -28).
17
What is 1 + -88 - (20 + 2 - (-268 + 300))?
-77
Evaluate 1 + 0 + 1 + -3759 + 3749 - -97.
89
-10 - (10 + 0 + (24 - (-19 - -35)))
-28
Calculate (234 - 260 - (-20 - -1)) + 4.
-3
What is the value of -11 + 0 + 1 - (15 - (24 + -31))?
-32
Evaluate (-58 + -4 - (-6 - (-14 + 0))) + (-3 - -7).
-66
Calculate 57 + (-4 - -12 - (-5 - (4 - 5))) + -1.
68
What is (4 - -28) + (-62 + 65 - (-1 + 4)) + 5?
37
Evaluate (0 + -40 + 48 - (2 + -5)) + 9.
20
Calculate 19 + -8 + (24 - (-16 + -11)).
62
(22 - 3) + (-253 - -251)
17
What is (-2 - (-17 + 26) - 15 - -41) + 68?
83
Evaluate (-7 - (4 - (38 - 22))) + -24 - -151.
132
What is 101 - (157 + -30) - (0 + -1 + 5)?
-30
Evaluate (1 - (2 - 27)) + -56 + 175 + -106.
39
What is the value of 11 - (0 - 2) - (-50 - (16 + -2))?
77
Evaluate (-1 - 9) + (-79 + (78 - 40) - -43).
-8
What is -52 + 1 + 28 - (-6 - 27) - (1 - -4)?
5
-57 + 55 - (-8 - (-2 - -2 - (-127 + 27)))
106
What is the value of -20 - (-103 + (38 - 36))?
81
Calculate -22 - (76 + 28) - (40 - 61).
-105
What is the value of 69 + (6 - 2 - 14) + (3 - (1 + -5))?
66
Calculate (33 - (19 + -2)) + -27 + 1 - -15.
5
1 + 33 + (-175 + 81 - -93)
33
Calculate (-8 + (14 + -5 - 7) - -6) + 2 + 68.
70
What is the value of 2 - (2 - -43) - (-5 + 22 + -4)?
-56
Calculate 2 + -53 + -7008 + 6941.
-118
What is (-6 - -8) + (19 + 10 - -4) + 1?
36
11 - (28 + -75 + 69)
-11
What is the value of (2 - -4) + (-20 - 38) + 6 + (-5 - -9)?
-42
What is the value of (-5 - (-11 - (12 + -18))) + -9 - (-69 - 1)?
61
Evaluate 12 - (18 - 3) - (37 + -66 - (1 + -3)).
24
What is the value of 63 + -178 + 105 - (-8 + -1)?
-1
1 - 3 - -14 - ((11 - 37 - -12) + -11)
37
What is the value of 9 + 3 + -8 - 10 - (-66 - -62)?
-2
-6 + -7 - 